he hundreds digit of s(3)?
4
Let b = 14 + 24. Let i(y) = y**3 + 7*y**2 + 4*y + 2. Let j be i(-3). Let o = b - j. What is the tens digit of o?
1
Let i be (-5)/(5/2)*-114. Suppose i = 4*k + 80. What is the tens digit of k?
3
Suppose -2*j = 5*b - 191 - 149, 3*b + 4*j - 204 = 0. What is the tens digit of b?
6
What is the units digit of 60/24*(2 + 472/10)?
3
Let k(o) = -o**3 - 6*o**2 - o - 3. Let w be k(-6). Let m(a) = -a - 1. Let t be m(-5). Suppose 5*v = 3*s + 12 + 12, t*v - 18 = w*s. What is the units digit of v?
6
Let p = 17 - 12. Suppose -u + p = 1. Suppose 4*k - g + 8 = 3*g, u*k = 5*g - 11. What is the units digit of k?
1
Suppose 2*x = 3*x - 10. Let j(k) = 13*k. Let g be j(2). Suppose 2*o - g = -x. What is the units digit of o?
8
Suppose 6*v - 3*v = -4*p + 52, -4*v = -3*p + 14. What is the tens digit of p?
1
Let m = 0 + 4. Suppose -2*c - x + 7 = -2*x, 20 = m*c - 4*x. What is the units digit of c?
2
Let f be (-1)/3*(-27)/3. Suppose -2*z = -f*d - 18, -4*d + 30 = 5*z - 15. What is the units digit of z?
9
Suppose 6*u - 2*b = u - 116, 0 = -3*u - 5*b - 82. What is the units digit of u/(-14) - (-14)/49?
2
Suppose f + 4*l = -2*f + 5, 5*f - 5*l = -15. Let n = 3 + f. Suppose -w + 3*y + 1 = 0, n*y + 7 = w + 5*y. What is the units digit of w?
4
Suppose 0*j = 5*j - 420. Suppose -4*w = -4 - j. What is the tens digit of w?
2
Let z be -10*(-1)/2 - 1. Suppose 0 = 2*w - 22 - z. What is the units digit of w?
3
Let b be 36/6*(-1)/(-2). Suppose b = f - n, f - 4*n = -f + 12. Suppose -9 = -f*o - o. What is the units digit of o?
9
Let o(v) = 8*v + 3*v**2 - 5*v**2 - 13 + 15 + v**2. What is the tens digit of o(4)?
1
What is the tens digit of (-294)/(-7) + 1*-1?
4
Let c(j) = j**3 + j**2 + j + 11. Let l be (-7 - (0 - -1))/(-1). Suppose -4*a - l = 0, -2*a = -s + a + 6. What is the tens digit of c(s)?
1
Let r = 98 - 59. Suppose 4*c + j = 32, 3*c - 2*j - j - r = 0. What is the units digit of c?
9
Suppose -8*b + 3*b = -550. What is the tens digit of b?
1
Suppose -82 - 43 = -5*i. What is the tens digit of i?
2
Let i(h) = h + 2. Let w be i(0). Suppose 0 = u - 3, w*q = -0*q - 2*u + 14. Suppose -q = -4*t - 0. What is the units digit of t?
1
Let v(o) = o**3 - 5*o**2 + 4*o - 4. Let i be v(4). Let g be (-61)/9 - i/(-18). Let q = 13 + g. What is the units digit of q?
6
Let z(u) be the first derivative of -5*u**2/2 - 6*u + 1. Let b(m) = -3*m - 2. Let j be b(1). What is the tens digit of z(j)?
1
Let i(u) = u + 58. Let t be i(0). Suppose -v - 4*f = -5*v + 68, -t = -4*v + 2*f. What is the units digit of v?
2
Let u = -2 - 1. What is the units digit of u - (3/1 + -10)?
4
Let d = 130 - 89. What is the tens digit of d?
4
Let d(k) = 1. Let l(i) = 3*i - 4. Let o(t) = -5*d(t) - l(t). Let w be o(-2). What is the units digit of (56/35)/(2/w)?
4
Let x = -11 - -52. Suppose -2*z + 5*d + 39 = 0, 2*d = -z + x - 8. What is the tens digit of z?
2
Suppose -b + 0*l = -3*l - 9, 0 = 2*b + l - 25. What is the tens digit of b?
1
Suppose 5*v - 837 - 13 = 0. What is the tens digit of v?
7
Let d be ((-6)/(-4))/(1/10). Suppose 20 = 5*h - d. What is the units digit of h?
7
Let r(g) = -g**2 - 6*g - 3. Let a be r(-3). Let l = 9 - a. What is the units digit of l?
3
Suppose 3*k = -2*v + 105, 0 = -5*v - 5*k + 243 + 12. What is the units digit of v?
8
Let g = 4 + -2. Suppose g*r - 64 = -5*n + 4*r, -5*n = -5*r - 70. What is the units digit of n?
2
Let g = -8 - -10. What is the units digit of g?
2
Suppose -f + 4*f = -5*b + 19, 2*b - 5*f = 20. Let c = 81 - 28. Suppose -4*h - b = -3*s - c, -4 = s. What is the units digit of h?
9
Let c = 4 - 0. Let q be c/(8/(-3))*-2. Suppose 0 = -4*g + 4, -3*g + 4*g = q*b - 11. What is the units digit of b?
4
Let t = 63 + -39. What is the units digit of t?
4
Let f = 33 - -7. What is the units digit of f?
0
Let x be (1 - (-3)/(-3)) + -12. Let k be (-8)/x - 7/(-3). Suppose w - 15 = 2*m, -k*w = -0*m - 2*m - 25. What is the units digit of w?
5
Let i be (3/9)/((-3)/(-18)). Let f(o) = 3*o**2 - 4*o**2 - 9*o + i*o**2 - 1. What is the units digit of f(10)?
9
Let s(w) = 9*w + 27. What is the units digit of s(9)?
8
Suppose -3*c + 23 - 8 = 0. Suppose -c*n = 9 - 49. Let k(m) = 2*m - 2. What is the units digit of k(n)?
4
Suppose -23 - 1 = -3*p. Suppose 56 = 2*h + 4*f, -3*f + p*f + 200 = 5*h. What is the tens digit of h?
3
Let j(u) = -u**3 - 6*u**2 - 4*u + 7. Let t be j(-5). Suppose -6 = t*z + z. Let d(o) = o**2 - o. What is the units digit of d(z)?
6
Suppose t - 6*t + 440 = -4*y, t - 82 = 2*y. What is the units digit of t?
2
Suppose 0 = 4*r + 3*c - 20, r = 4*r - 2*c - 15. Suppose 0 = -r*x + 5*n + 87 - 12, -2*x = -n - 30. What is the tens digit of x?
1
Suppose 0 = -3*l + c + 92, -5*l + 2*c + 165 = -2*c. Suppose -97 = -4*i - l. What is the units digit of i?
7
Suppose -n = -8 + 3. Suppose 2 = -x + 3*b, -30 = -n*x - b - 4*b. Suppose -65 = x*l - 9*l. What is the tens digit of l?
1
Suppose -2*b - h + 22 = 0, 3*b - 26 = -3*h + 7. Suppose 3*j = -4*o + b, -2*o = -o - 2. What is the units digit of j?
1
Let u be (4/12)/((-2)/(-18)). Suppose 2*q = -2*f + 28, -u*f = -2*q + 14 + 19. What is the tens digit of q?
1
Let x(b) = b - 5. Let l be x(5). Let c be 2 + l - (-1 + 0). Suppose c*n = -0 + 9. What is the units digit of n?
3
Let p = -11 - -38. What is the units digit of p?
7
Let h be (1/3)/(3/(-9)). What is the units digit of h/2 - (-17)/2?
8
Let y(f) = -5*f**3 + f**2 + 2*f + 1. Let t be y(-1). Let j(v) = 3*v - t - 2*v - 4*v. What is the units digit of j(-4)?
7
Let i = -15 + 11. Let b = i - -6. Suppose 14 = b*t - 0. What is the units digit of t?
7
Let x(a) = a**2 + 5*a**2 + 12 - 5*a**2. Let r be x(0). Let z = 2 + r. What is the tens digit of z?
1
Let l = 13 - 8. Let p = l - 2. What is the units digit of (-3 + 6)/(p/4)?
4
Let n(u) be the second derivative of -u**3/3 - 6*u**2 - 2*u. What is the units digit of n(-8)?
4
Let x be 1/2 + 1/(-2). Suppose x*w + 6 = 2*w. What is the units digit of w?
3
Let r(s) be the first derivative of -s**5/20 + s**4/3 - s**3/6 + s**2 + s + 2. Let n(m) be the first derivative of r(m). What is the units digit of n(3)?
8
Suppose 4*u + 5*o - 58 = 0, 2*u - 22 = 3*o - 2*o. Let v be u - -4*1/(-2). Let q = 17 - v. What is the units digit of q?
7
What is the units digit of 77*(8/(-4) - -3)?
7
What is the tens digit of (-1)/(-3) + (-1248)/(-36)?
3
Suppose 0 = 5*g - b - 110, -g - 3 + 25 = 3*b. What is the tens digit of (2/(-2))/((-2)/g)?
1
Let z(f) = -8*f**3 - f. What is the units digit of z(-1)?
9
Let r = -5 + 9. What is the tens digit of 25 - (3 - (r + 2))?
2
Let p(g) = -g**2 - 11*g + 3. What is the tens digit of p(-7)?
3
Suppose -i + 24 = i. Let x be ((-2)/3)/(i/(-162)). Suppose 4*j - 26 = 3*h - x, 3*j - 15 = 0. What is the units digit of h?
1
What is the units digit of -4*((-275)/60 - 4/6)?
1
Suppose -4*h + 2 = -3*h + i, 2*h - 2*i = -4. Suppose 2*g = -3*g + 5. What is the units digit of (1 - h/g)/1?
1
Suppose -2*h + 3*t = -4 - 60, 4*h - 126 = 5*t. What is the units digit of h?
9
Suppose -6*b - 413 = -13*b. What is the tens digit of b?
5
Let d = 12 - 12. Suppose 4*l - 5*l + b = -22, d = 4*l + 5*b - 115. What is the tens digit of l?
2
Let o = -55 - -83. What is the units digit of o?
8
Suppose 4*n = -4*w - 36, -n + 4*w + 4 = 3*n. What is the tens digit of (-3 - (n + 2))*-26?
2
Suppose -3*p = -2*p - 180. Suppose -8*f = -3*f - p. What is the units digit of f?
6
Suppose -9*z + 5*z = -36. Suppose u + l - z = 0, -3*u + 0*l + 20 = -4*l. What is the units digit of u?
8
Let t be (-125)/(-45) + (-6)/(-27). Suppose 5*g = 5*f - 49 + 14, -t*f = 2*g - 1. What is the units digit of f?
3
Suppose -4*z + 130 = -346. What is the tens digit of z?
1
Let h(q) = q**2 + 2*q + 1. Let w be h(-1). Let d = -5 - w. Let i(s) = -s**2 - 4*s + 7. What is the units digit of i(d)?
2
Suppose -282 = -6*a + 4*a. What is the hundreds digit of a?
1
Suppose -b - 19 = -0*b. Let o = -5 - b. What is the units digit of o?
4
Let k = 190 + -9. What is the units digit of k?
1
Suppose 332 = 4*p - 2*v, v = 3*v. What is the units digit of p?
3
Let t(c) = c**2 - 11*c - 20. What is the units digit of t(15)?
0
Let m(q) = -q**3 - 2*q**2 + 3*q + 3. Let v be m(-3). Suppose -5*o + 3*h + 28 = 0, -4*o + 17 = -o - 2*h. Suppose v*f = o*f - 2. What is the units digit of f?
1
Let y be ((-4)/(-6))/(4/102). Let n = 19 - 27. Let o = y + n. What is the units 